et i = 16217 + -7674. Is i composite?
False
Suppose -r - 2*r - 2*y - 41 = 0, 4*r = 3*y - 49. Let j be r/(-2) - (-9)/(-6). Suppose -2*o - 4*z = -64 - 42, -4*o - j*z + 212 = 0. Is o a prime number?
True
Suppose 0 = -3*v - 9. Let f(g) be the third derivative of -5*g**4/6 - 7*g**3/6 - 50*g**2. Is f(v) prime?
True
Let t(v) = -2*v + v**3 - 12*v**2 - 3*v**2 + 7 + 26. Is t(15) composite?
False
Suppose 0 = -4*z + n + 12265, 0*n = -4*z - 4*n + 12280. Is z a composite number?
False
Suppose 13*b - 8*b = 20. Suppose 2*p - 6*p - 579 = -5*g, -b*p + 341 = 3*g. Is g prime?
False
Let v(q) = -8*q**3 - 4*q - 3. Let g(d) = 2*d**2 - 4*d - 1. Let n be g(3). Let l be ((-9)/(-15) + -1)*n. Is v(l) composite?
True
Let f(a) = 3 + 8*a**2 - 2 + 1 - 7*a**2 - 4*a. Let x be f(5). Suppose x*m - 5*m = 1106. Is m composite?
True
Let g be ((-10)/15)/((-1)/18). Let y(i) = 6*i - 1. Let d(l) = -7*l + 1. Let f(k) = -7*d(k) - 6*y(k). Is f(g) prime?
False
Suppose -2*a = -3*h - 2, h + 2*a = -2*a + 18. Is 81486/126 + h/7 composite?
False
Suppose -45*f = -34*f - 13343. Is f a composite number?
False
Let f be (0/4)/(2/1). Suppose f = o - 2. Suppose 725 = o*h + 3*h. Is h a composite number?
True
Let k(l) = -19*l**2 - l. Let t be k(-1). Let r be (-6)/27 - 8626/t. Suppose 0*n + r = n. Is n prime?
True
Suppose -7*s + 104333 + 43934 = 0. Is s prime?
False
Suppose 4 = -2*r - 20. Let o be (-2)/6 - 28/r. Suppose 3*c - 205 = -2*i, -7*c - 4*i + 341 = -o*c. Is c a prime number?
False
Let s be (-5 - -4)*(-2 + 1). Suppose 2*o = 7*o + 10. Is s/(o - 238/(-118)) prime?
True
Let s(q) = q**3 + 5*q**2 + 4*q + 5. Let z be s(-4). Suppose 2*l + 3167 = 3*v, -2338 = z*v + 2*l - 7611. Is v prime?
False
Suppose 4*g - 510 = 562. Let w be 4*g/24*3. Let v = w - 31. Is v a composite number?
False
Let v(b) = 2*b**2 - 6*b + 8. Let k be v(-11). Let j = 5 - 3. Suppose -2*r - j*r + k = 0. Is r a prime number?
True
Suppose 0 = -5*a + 4*l + 32219 + 17384, 3*a - 2*l = 29763. Is a a composite number?
False
Let u be -18*(1 + 8/(-6)). Let o be ((-60)/16)/(u/(-176)). Suppose 5*y + g = 699 - 221, -y - 5*g = -o. Is y a prime number?
False
Let z(g) = -4 - 3 - 8 + 2281*g + 0. Is z(2) a composite number?
False
Suppose c = 4 - 2. Suppose i = 2*n + 5, 0 = 5*i + c*n - 18 + 5. Suppose i*v + 1398 = 5*v. Is v prime?
False
Let q(y) = -1602*y + 11. Let u be q(-4). Suppose 0 = -0*v - 7*v + u. Is v composite?
True
Let j be (-2)/14 - 116/(-28). Suppose 7715 = a + j*a. Is a a composite number?
False
Suppose -2*z - 3*z = -s + 30, -6 = -s - z. Suppose -s*n + 2*i + 9334 = -6*n, -2*n + 4*i = -4670. Is n a composite number?
False
Suppose 24878 = 43*p - 41*p. Is p composite?
True
Let r(q) = q**2 + 12*q + 2. Let i be r(-12). Suppose -o + 1023 = -i*o - 4*z, 0 = -4*o + 3*z - 4187. Is (-2)/4 + o/(-2) composite?
False
Let o = -986 + 1689. Is o prime?
False
Let v be (141/4)/((-12)/(-32)). Suppose 2*n - v = n. Suppose 0 = 5*i - 6*i + n. Is i a prime number?
False
Let w(j) = j + 37. Let v be w(-15). Let l = 719 - v. Is l a prime number?
False
Suppose -9 = 2*m + j + 2*j, 0 = -3*m + 2*j + 19. Suppose 1200 = 5*y + 5*u, 2*y - 2*u = -0*u + 500. Suppose m*z + 5*k = 153, -k + 6*k - y = -5*z. Is z composite?
True
Suppose 205511 - 36953 = 6*r. Is r prime?
False
Suppose 0 = 7*o - 4*o + 4*t + 68, 4*o + 2*t + 94 = 0. Is (6/o)/(2/(-10744)) a composite number?
True
Suppose -5*k + 16450 = 2*k. Suppose 3*o - 5*n = k, 1 = n - 0. Is o composite?
True
Suppose -16*g = -22*g + 132. Suppose -20*d = -g*d + 314. Is d composite?
False
Let w(d) = -d**3 + 5*d**2 + 6*d - 3. Let n be w(5). Suppose 39 + n = 2*r. Suppose 0 = -o + 44 + r. Is o a prime number?
False
Suppose -3*l + 71 = -37. Suppose -5*q + 7 = 27. Is 4 + l + q + 1 composite?
False
Suppose 3 = 3*t - 3, 46 = 5*h + 3*t. Is h/(-6) + 1981/21 a composite number?
True
Let s(w) be the first derivative of -53*w**2/2 - 13*w - 5. Let l(f) = -54*f - 13. Let g(x) = 2*l(x) - 3*s(x). Is g(6) a prime number?
False
Let h be (90/(-27))/(2/(-3)). Suppose -293 = -3*l + 3*p + 2*p, h*l - 520 = 2*p. Is l composite?
True
Suppose -3*f - 22921 = -8*f + 2*i, 0 = 4*f + 5*i - 18317. Is f a composite number?
False
Let r = -2799 + 1553. Let m be ((-42)/4)/((-1)/190). Let k = r + m. Is k a composite number?
True
Let n(l) = -2*l. Let y(m) = -m - 1. Let u(f) = n(f) - 5*y(f). Let h be ((-24)/2)/((-30)/40). Is u(h) a composite number?
False
Suppose -515 = -v + 6138. Let u = v - 538. Is u a composite number?
True
Is -6*(-9)/(324/39210) - -6 prime?
False
Suppose -7*c - 86 + 14653 = 0. Suppose s + 7*a = 3*a + c, 3*s = -5*a + 6229. Is s a prime number?
False
Is -5*1*2*(-1754)/20 composite?
False
Let f = 34323 + -5626. Let c = f + -19110. Is c composite?
False
Suppose 10*g = 6*g - 4056. Let m = 2032 + g. Is m prime?
False
Let i = 665 + 2564. Is i prime?
True
Let a(g) be the third derivative of -56*g**6/15 + g**3/6 + 12*g**2. Is a(-1) prime?
True
Let i(x) = 15*x**3 + x**2 - x - 1. Let t be i(-1). Let s = 468 + t. Let j = -125 + s. Is j prime?
False
Suppose -2*b - 22 = -o + 3*b, -3*o - 5*b = 14. Is (1 + 0)/((-3)/((-3666)/o)) a prime number?
False
Let a(x) = -50*x - 6 + 19*x + 61 - 3. Is a(-9) composite?
False
Let t be ((-474)/(-5))/((-1)/(-35)). Suppose 0 = 5*b + b - t. Is b prime?
False
Let i = 1940 - 1489. Is i a prime number?
False
Suppose w + w = 3*a + 607, -2*a + 1238 = 4*w. Suppose 0 = g + 161 - 64. Let s = g + w. Is s a composite number?
False
Let c be 4/(-5) + (-12)/(-15). Suppose -2*a + 275 + 275 = c. Suppose a = 3*j + 2*j. Is j a composite number?
True
Suppose 2*m + 8 = 0, 0*m + 4*m = -4*r + 16. Suppose o = -2*x + 2*o, -r = -2*o. Suppose -3*l = x*q - 1319, q + 4*q + 468 = l. Is l a prime number?
True
Is 2 + (-22493)/(-11) - (-70)/385 composite?
True
Is ((-87)/27 - -3) + 4500620/36 a composite number?
False
Is 5/20 + (-10092)/(-16) prime?
True
Suppose -f = -4180 + 1137. Is f a prime number?
False
Suppose -2*j = j + 27. Let n be 2/j - (-38)/9. Suppose -4*r + n*c + 72 = 0, -r + 5*c + 18 = -20. Is r prime?
True
Let n(j) be the second derivative of 5*j**4/6 - 7*j**3/6 + 5*j**2 + j. Suppose 2 + 6 = -k + 5*q, 5*k - 2*q - 29 = 0. Is n(k) prime?
False
Suppose 6*g + 1064 = 2*g. Let z = g - -583. Is z prime?
True
Let o = -29 + 31. Suppose v = 3*k - 7, 2*k + o*k = -v - 7. Let w(a) = -30*a - 7. Is w(v) prime?
False
Let m be (0 - 0)/(-4) - 0. Suppose m*j - 5*j + z + 657 = 0, -2*j + z = -264. Is j prime?
True
Let z = 6816 - 3125. Is z a composite number?
False
Let k(u) = u**3 + 2*u**2 + u. Let t be k(0). Suppose t = -5*l + 8*l - 14133. Is l a composite number?
True
Suppose 0 = -w - 4*n + 179, -2*w + 3*n + 397 = -2*n. Is w a prime number?
True
Let q be ((-1)/(-2))/(5/30). Suppose q*y - 6 = y. Suppose -y*c - 907 = -4*c. Is c prime?
True
Let i = 151 + -235. Let a be (1/2)/(1/(-422)). Let y = i - a. Is y composite?
False
Let l = -90663 + 131160. Is l prime?
False
Let m = -2967 - -14588. Is m prime?
True
Let k(c) = c**2 + 8*c + 3. Let w be k(-8). Suppose 0 = -w*b + 8*b. Suppose b = -2*g - g + 327. Is g composite?
False
Suppose 23*o + 623455 = 58*o. Is o a composite number?
True
Suppose -73 = -i + 87. Suppose 5*u = c + 170, 2*c - 3*c = 5*u - i. Is u a composite number?
True
Let v(l) = -l - 14. Let u be v(-16). Let m be 8/((-3)/(1 + u)). Is (-4507)/m - 9/24 prime?
True
Suppose 3*g = -5*l + 15 + 54, 3*g = 4*l - 39. Let n = 15 - l. Is (n + -4)/(3/(-249)) prime?
True
Suppose -2*d = 4*r - 28986, 23*d = -2*r + 19*d + 14478. Is r a prime number?
False
Let r be -10*((-90)/(-5))/(-1). Suppose -r = i - 967. Is i a composite number?
False
Let j(w) = 10*w - 9*w + 4*w + 8. Is j(7) prime?
True
Suppose 3*h - 22 = -2*j, 4 = 3*h - j - 30. Let z be -2 + 4 + -2 - 4. Is (-146)/z + 5/h a composite number?
False
Let o = 9 - 17. Let r = -18 - o. Is ((-66)/(-3))/((-4)/r) a composite number?
True
Is 303324/48 + (-5)/20 a prime number?
False
Suppose -14*g = 12 + 44. Is -1497*4/(48/g) composite?
False
Let u be -4*4/(-64)*0 - -9649. Suppose -i + 5*a + 5803 = 2*i, -u = -5*i - 3*a. Is i a composite number?
False
Let q be ((-10)/(-4))/(2/4). Suppose -2*z - y + 122 + 136 = 0, 0 = 5*z + q*y - 655. Is z a composite number?
False
Let g(c) = -2*c - 5. Let h be g(-4). Suppose h*k - 2*z = 5, -2*k - 4*z + 11 = -k. Let t(r) = 17*r**2 + 2. Is t(k) composite?
True
Let f = 5 + -2. Suppose 3*r + 24 = -5*v, -r - f*v - 1